1021101
What is -221 (base 6) in base 13?
-67
What is -13033011 (base 4) in base 13?
-1064a
Convert dc19 (base 15) to base 13.
18297
What is 998e (base 15) in base 11?
22497
What is -26c6 (base 13) in base 15?
-19b5
What is 56475 (base 9) in base 12?
198ab
3872 (base 10) to base 8
7440
Convert -5334 (base 6) to base 11.
-a00
What is 110000100 (base 2) in base 16?
184
Convert 102010 (base 3) to base 10.
300
Convert -c0 (base 13) to base 12.
-110
Convert 4234023 (base 5) to base 4.
101113202
-3d2 (base 15) to base 3
-1012022
Convert 1201120 (base 3) to base 7.
3444
What is 14651 (base 8) in base 16?
19a9
What is -36a21 (base 11) in base 10?
-53142
Convert -14000 (base 5) to base 7.
-3165
Convert -4430 (base 6) to base 5.
-13101
What is -323545 (base 6) in base 10?
-26777
-223 (base 7) to base 16
-73
What is 120131 (base 4) in base 8?
3035
What is 22121 (base 3) in base 15?
107
Convert -233a (base 13) to base 4.
-1031112
What is 5a2 (base 14) in base 8?
2142
25301 (base 6) to base 10
3781
-7c6 (base 14) to base 10
-1546
Convert 131a (base 11) to base 13.
a1c
Convert 52105 (base 7) to base 3.
122111001
What is -21055 (base 8) in base 4?
-2020231
Convert -11510 (base 6) to base 13.
-a08
25764 (base 8) to base 11
84aa
What is 18b9 (base 12) in base 10?
3021
-1548 (base 9) to base 16
-49a
55a (base 11) to base 12
47a
-10629 (base 11) to base 5
-443043
What is -3262 (base 10) in base 9?
-4424
-4025 (base 6) to base 2
-1101110001
What is 1b4 (base 12) in base 16?
118
Convert -2119 (base 10) to base 12.
-1287
What is 420204 (base 5) in base 9?
20837
What is -16271 (base 9) in base 7?
-44353
123332 (base 4) to base 8
3376
What is -488 (base 15) in base 4?
-100010
What is -1638 (base 10) in base 16?
-666
-123302 (base 4) to base 8
-3362
Convert 1020202 (base 3) to base 7.
2441
What is -110111011 (base 2) in base 7?
-1202
6b (base 16) to base 15
72
Convert -141432 (base 7) to base 2.
-110100101011101
-2021110112 (base 3) to base 12
-21b1b
1665 (base 9) to base 12
8a2
40212 (base 6) to base 3
21012222
725 (base 9) to base 12
412
What is -7349 (base 11) in base 2?
-10011000000101
What is -3344 (base 5) in base 15?
-219
Convert -2640 (base 9) to base 16.
-7bc
Convert 2108 (base 16) to base 3.
102121012
What is 53454 (base 7) in base 2?
11001111010101
Convert 2173 (base 12) to base 14.
14b5
Convert 3c0 (base 16) to base 14.
4c8
c49c (base 16) to base 11
348a7
Convert 81a (base 16) to base 3.
2211211
What is 785 (base 12) in base 14?
593
-1bc1 (base 14) to base 5
-130234
What is -28d (base 15) in base 3?
-210121
Convert 193 (base 15) to base 8.
553
What is -879 (base 12) in base 16?
-4dd
-18021 (base 9) to base 6
-133244
What is 110201120 (base 3) in base 10?
9276
Convert -1aa (base 15) to base 16.
-181
What is 1742 (base 8) in base 4?
33202
What is 20202102 (base 3) in base 11?
3778
What is -420 (base 7) in base 2?
-11010010
Convert -1302 (base 6) to base 2.
-101000110
b6 (base 15) to base 5
1141
What is 3232 (base 11) in base 8?
10256
15610 (base 8) to base 5
211143
Convert 1342 (base 13) to base 3.
10210011
7450 (base 11) to base 9
14461
215 (base 16) to base 6
2245
Convert 10 (base 10) to base 14.
a
-59b2 (base 12) to base 9
-14728
Convert -20911 (base 10) to base 4.
-11012233
What is -7512 (base 11) in base 12?
-58bb
What is 22212200 (base 3) in base 15?
1db6
What is -211450 (base 6) in base 14?
-63d4
What is 123d (base 16) in base 14?
19b7
What is c81c (base 14) in base 9?
52317
-2446 (base 9) to base 5
-24244
What is -23a7 (base 11) in base 10?
-3142
Convert -10100100010 (base 2) to base 6.
-10030
-2f3 (base 16) to base 10
-755
Convert -21b7 (base 14) to base 9.
-8014
What is 3110 (base 13) in base 12?
3b05
Convert 2a03 (base 12) to base 14.
1add
-20e3 (base 16) to base 11
-6364
What is -4535 (base 6) in base 4?
-100223
Convert -31c (base 15) to base 11.
-589
-2110022 (base 4) to base 3
-111000012
157 (base 9) to base 3
11221
323203 (base 4) to base 6
25351
-bab2 (base 15) to base 12
-1aa72
What is 27155 (base 8) in base 14?
448d
14452 (base 12) to base 13
cb4b
Convert 120461 (base 7) to base 6.
245052
What is 18487 (base 12) in base 2?
1000100110100111
Convert -10100110101111 (base 2) to base 9.
-15566
-31002 (base 4) to base 8
-1502
22441 (base 5) to base 6
11301
-2b7 (base 13) to base 7
-1265
Convert -4104 (base 10) to base 5.
-112404
What is 11aa (base 11) in base 15?
6ec
What is -100110101011 (base 2) in base 13?
-1185
-892c (base 16) to base 8
-104454
What is -653 (base 15) in base 14?
-740
Convert -1037 (base 9) to base 4.
-23323
Convert 123 (base 14) to base 11.
197
Convert -146 (base 16) to base 3.
-110002
What is -5445 (base 7) in base 15?
-899
What is 415 (base 6) in base 13?
bc
-3671 (base 8) to base 9
-2636
What is 597 (base 15) in base 13?
766
What is -42320 (base 5) in base 7?
-11160
What is -189 (base 15) in base 3?
-111010
Convert -7e3 (base 15) to base 10.
-1788
Convert 1a9b (base 15) to base 3.
21220202
What is -55513 (base 6) in base 5?
-221444
100110001 (base 2) to base 11
258
What is -375 (base 8) in base 9?
-311
What is 11110 (base 5) in base 8?
1414
What is 7207 (base 8) in base 16?
e87
71 (base 8) to base 11
52
-34133 (base 10) to base 14
-c621
What is -4445 (base 6) in base 14?
-541
What is 8276 (base 10) in base 4?
2001110
30456 (base 7) to base 8
16420
Convert -2806 (base 13) to base 14.
-214c
Convert -1103 (base 5) to base 8.
-231
-1101110000110 (base 2) to base 3
-100122222
What is 175 (base 9) in base 2?
10010101
What is -199 (base 12) in base 10?
-261
What is 15ec (base 16) in base 15?
19e2
153016 (base 7) to base 2
111010010011110
What is 440030 (base 5) in base 10?
15015
What is 24 (base 7) in base 11?
17
Convert -86 (base 13) to base 9.
-132
Convert 1a80 (base 11) to base 12.
1631
What is 120211111 (base 3) in base 12?
681a
Convert 1010103 (base 4) to base 3.
12222220
2323020 (base 4) to base 7
46626
What is fc (base 16) in base 7?
510
Convert -28048 (base 10) to base 13.
-c9c7
Convert 6800 (base 13) to base 11.
aa13
-5580 (base 16) to base 3
-1010000200
Convert -1012220122 (base 3) to base 16.
-5db9
Convert 110101001011001 (base 2) to base 13.
c513
Convert 125 (base 10) to base 9.
148
What is -123505 (base 7) in base 4?
-11211220
What is 2211203 (base 4) in base 8?
24543
What is -326 (base 8) in base 6?
-554
-3873 (base 9) to base 10
-2901
Convert -39384 (base 10) to base 4.
-21213120
Convert 10142 (base 5) to base 2.
1010100000
21201 (base 4) to base 8
1141
What is -49050 (base 10) in base 4?
-23332122
What is -120103 (base 4) in base 14?
-7d1
What is -4219 (base 10) in base 15?
-13b4
Convert 4056 (base 8) to base 2.
100000101110
What is -23155 (base 8) in base 4?
-2121231
What is 4310 (base 13) in base 3?
110202202
What is 16 (base 11) in base 4?
101
-13343 (base 7) to base 9
-4848
Convert 18 (base 9) to base 3.
122
341 (base 10) to base 8
525
What is 113420 (base 5) in base 11?
3200
157 (base 8) to base 6
303
What is -296 (base 14) in base 4?
-20030
-250e (base 15) to base 7
-32000
Convert 834 (base 11) to base 2.
1111101101
What is 1144042 (base 5) in base 16?
550c
-104 (base 8) to base 15
-48
Convert 111 (base 5) to base 7.
43
What is 24120 (base 10) in base 4?
11320320
Convert -3044140 (base 5) to base 9.
-75426
Convert -1021100111 (base 3) to base 6.
-311534
135 (base 13) to base 5
1323
What is 3012 (base 4) in base 7?
402
Convert 215 (base 7) to base 4.
1232
-22303 (base 4) to base 2
-1010110011
Convert 111 (base 12) to base 2.
10011101
What is 25036 (base 8) in base 5?
321112
What is 3035 (base 6) in base 7?
1646
What is -37617 (base 9) in base 6?
-313024
325a (base 11) to base 2
1000011001100
-97b7 (base 13) to base 4
-11021302
What is -5b (base 13) in base 4?
-1030
Convert -31622 (base 7) to base 12.
-4668
Convert 457 (base 14) to base 6.
3553
What is 110110 (base 2) in base 15?
39
What is 44045 (base 8) in base 5?
1042334
Convert 2221 (base 6) to base 4.
20011
What is 14500 (base 7) in base 5?
112033
What is -10388 (base 10) in base 7?
-42200
Convert -248 (base 11) to base 6.
-1210
Convert 21624 (base 7) to base 4.
1111101
10002 (base 5) to base 7
1554
42140 (base 11) to base 15
132cb
Convert 31003 (base 4) to base 5.
11320
-18062 (base 10) to base 14
-6822
What is -2a9 (base 14) in base 5?
-4131
-2016